51811 composite?
True
Is 144317 a composite number?
True
Is 18689 composite?
True
Is 126889 prime?
False
Is 116549 a composite number?
False
Is 121967 composite?
False
Is 25841 prime?
True
Is 28429 prime?
True
Is 27543 a composite number?
True
Is 67729 prime?
False
Is 23857 a composite number?
False
Is 118381 a prime number?
False
Is 3593 composite?
False
Is 19153 composite?
True
Is 27143 a prime number?
True
Is 27239 a composite number?
False
Is 89314 a composite number?
True
Is 935461 a prime number?
True
Is 243881 a composite number?
True
Is 434699 composite?
False
Is 6326 a composite number?
True
Is 400423 composite?
True
Is 26899 a composite number?
True
Is 648355 prime?
False
Is 2147 a composite number?
True
Is 290737 prime?
True
Is 3671587 prime?
True
Is 9271 prime?
False
Is 547199 a composite number?
True
Is 5399 a prime number?
True
Is 56915 composite?
True
Is 6941 prime?
False
Is 28255 prime?
False
Is 235309 prime?
True
Is 4561 prime?
True
Is 26339 a prime number?
True
Is 8279053 a composite number?
False
Is 230471 prime?
True
Is 7963 composite?
False
Is 173081 prime?
True
Is 84122 composite?
True
Is 51713 prime?
True
Is 18811 composite?
True
Is 206171 a composite number?
True
Is 13799 a composite number?
False
Is 113707 a composite number?
True
Is 53327 prime?
True
Is 28637 prime?
False
Is 35491 a prime number?
True
Is 43049 a composite number?
False
Is 26327 a prime number?
False
Is 937331 a prime number?
True
Is 531607 composite?
True
Is 2629 a composite number?
True
Is 20998 a composite number?
True
Is 13263 a composite number?
True
Is 2899 composite?
True
Is 587 prime?
True
Is 45877 composite?
True
Is 16255 prime?
False
Is 26089 a composite number?
True
Is 247931 composite?
True
Is 296347 prime?
True
Is 297823 composite?
True
Is 31555 prime?
False
Is 448831 a prime number?
False
Is 6505 prime?
False
Is 7 composite?
False
Is 35099 a prime number?
True
Is 18119 composite?
False
Is 104059 a composite number?
False
Is 10055 prime?
False
Is 14009 a composite number?
False
Is 224689 composite?
True
Is 11959 a composite number?
False
Is 100661 composite?
True
Is 54247 composite?
True
Is 400749 a composite number?
True
Is 697 composite?
True
Is 150901 prime?
True
Is 361727 prime?
True
Is 1327831 composite?
False
Is 101733 composite?
True
Is 15063 composite?
True
Is 34163 prime?
False
Is 895507 a prime number?
True
Is 907 prime?
True
Is 58657 composite?
False
Is 13393 prime?
False
Is 58099 composite?
False
Is 38939 a prime number?
False
Is 46249 a prime number?
False
Is 5077 composite?
False
Is 4421 composite?
False
Is 10477 composite?
False
Is 52501 composite?
False
Is 1511 a composite number?
False
Is 11185 prime?
False
Is 182141 composite?
False
Is 26821 a composite number?
False
Is 3137 a composite number?
False
Is 8143 prime?
False
Is 14 composite?
True
Is 34403 composite?
False
Is 211 a composite number?
False
Is 18355 a composite number?
True
Is 1042 a prime number?
False
Is 14191 a prime number?
False
Is 699053 prime?
True
Is 92609 prime?
False
Is 81509 composite?
False
Is 107827 a prime number?
True
Is 161263 prime?
True
Is 1129103 a composite number?
False
Is 3058285 a prime number?
False
Is 1937 a prime number?
False
Is 786031 prime?
True
Is 256699 composite?
False
Is 317 prime?
True
Is 23093 a composite number?
True
Is 13909 prime?
False
Is 194141 prime?
True
Is 289511 prime?
True
Is 568615 a prime number?
False
Is 42941 a composite number?
True
Is 4201 a composite number?
False
Is 80126 a composite number?
True
Is 1319 composite?
False
Is 53182 composite?
True
Is 641479 a prime number?
True
Is 291077 a prime number?
True
Is 342413 composite?
False
Is 19385 prime?
False
Is 72613 prime?
True
Is 3511 a composite number?
False
Is 263647 prime?
True
Is 7666 a prime number?
False
Is 46219 a prime number?
True
Is 13751 prime?
True
Is 477589 a prime number?
False
Is 94553 a prime number?
False
Is 10979 composite?
False
Is 116009 a composite number?
False
Is 1532935 composite?
True
Is 1005409 prime?
True
Is 13291 prime?
True
Is 4769 a prime number?
False
Is 18169 composite?
False
Is 107143 a composite number?
True
Is 9271 a composite number?
True
Is 36082 a composite number?
True
Is 94877 composite?
True
Is 2521 prime?
True
Is 49865 composite?
True
Is 1373 prime?
True
Is 1561 composite?
True
Is 84589 a prime number?
True
Is 5981 a composite number?
False
Is 119599 a prime number?
False
Is 116371 a prime number?
True
Is 2459 prime?
True
Is 3497 prime?
False
Is 58537 a composite number?
False
Is 8197 composite?
True
Is 49093 a composite number?
True
Is 808871 prime?
False
Is 11659 a prime number?
False
Is 1961 a prime number?
False
Is 121931 a prime number?
True
Is 1717 prime?
False
Is 25709 prime?
False
Is 1737733 a composite number?
False
Is 8401 a prime number?
False
Is 54443 composite?
False
Is 17521 a prime number?
False
Is 1483 composite?
False
Is 324983 a prime number?
True
Is 2579 composite?
False
Is 119177 composite?
True
Is 28877 composite?
True
Is 4166 prime?
False
Is 17819 composite?
True
Is 97151 prime?
True
Is 549319 a composite number?
False
Is 2746063 prime?
True
Is 23917 a composite number?
False
Is 331091 a composite number?
True
Is 383291 prime?
True
Is 46847 prime?
False
Is 23227 composite?
False
Is 1693 composite?
False
Is 730561 a composite number?
True
Is 22577 prime?
False
Is 13726 prime?
False
Is 799055 prime?
False
Is 29823 a composite number?
True
Is 6599 a prime number?
True
Is 11299 composite?
False
Is 413781 composite?
True
Is 165161 composite?
False
Is 16349 a composite number?
False
Is 1707 composite?
True
Is 2321 prime?
False
Is 87089 prime?
False
Is 152683 a prime number?
False
Is 102745 a composite number?
True
Is 1729217 a prime number?
False
Is 8581 prime?
True
Is 17827 a prime number?
True
Is 4471 a prime number?
False
Is 1034907 a composite number?
True
Is 106531 composite?
False
Is 18839 a prime number?
True
Is 24133 a prime number?
True
Is 3799051 a composite number?
False
Is 8258 prime?
False
Is 774283 composite?
False
Is 1823 a composite number?
False
Is 10651 a composite number?
False
Is 165535 a prime number?
False
Is 528527 a prime number?
True
Is 2767 composite?
False
Is 30274 a composite number?
True
Is 2179 prime?
True
Is 73181 prime?
True
Is 453 composite?
True
Is 63923 composite?
True
Is 5779 prime?
True
Is 6457 a composite number?
True
Is 2579 a composite number?
False
Is 66298 a prime number?
False
Is 852877 composite?
True
Is 106487 prime?
True
Is 8333 a prime number?
False
Is 47431 a prime number?
True
Is 707219 a prime number?
True
Is 1240637 a composite number?
False
Is 112199 composite?
False
Is 643877 composite?
True
Is 12391 a composite number?
False
Is 11969 a composite number?
False
Is 30985 a prime number?
False
Is 78677 a prime number?
False
Is 15259 a composite number?
False
Is 518659 composite?
True
Is 83827 prime?
False
Is 11243 prime?
True
Is 4331 composite?
True
Is 57347 prime?
True
Is 22343 prime?
True
Is 2129 prime?
True
Is 119 a composite number?
True
Is 85097 a composite number?
True
Is 2167 a composite number?
True
Is 7291 prime?
False
Is 4373 prime?
True
Is 180307 composite?
False
Is 10223 a prime number?
True
Is 2991 prime?
False
Is 19813 a composite number?
False
Is 24259 composite?
True
Is 5147 composite?
False
Is 1131307 a composite number?
False
Is 2287 composite?
False
Is 7039 a composite number?
False
Is 1139 a composite number?
True
Is 13123 composite?
True
Is 4181 a composite number?
True
Is 29647 a prime number?
False
Is 47599 a prime number?
True
Is 566677 prime?
True
Is 535379 composite?
True
Is 149011 composite?
False
Is 15859 composite?
False
Is 10597 prime?
True
Is 59897 a prime number?
False
Is 5389 composite?
True
Is 3101 prime?
False
Is 143093 a composite number?
False
Is 145713 composite?
True
Is 331 a prime number?
True
Is 14923 composite?
False
Is 5557 composite?
False
Is 34693 a prime number?
True
Is 17231 a composite number?
False
Is 679951 composite?
False
Is 414503 prime?
True
Is 468817 a composite number?
False
Is 278233 composite?
False
Is 705559 a composite number?
False
Is 2957 a composite number?
False
Is 1151 a composite number?
False
Is 3147 a composite number?
True
Is 399397 composite?
True
Is 8609 prime?
True
Is 429697 a co